{"id":217,"date":"2023-10-09T13:00:14","date_gmt":"2023-10-09T11:00:14","guid":{"rendered":"https:\/\/kine-osteo-bischwiller.fr\/?page_id=217"},"modified":"2023-10-09T13:27:01","modified_gmt":"2023-10-09T11:27:01","slug":"atelier-portage-physiologique","status":"publish","type":"page","link":"https:\/\/kine-osteo-bischwiller.fr\/?page_id=217","title":{"rendered":"Atelier portage physiologique"},"content":{"rendered":"<div class=\"wp-block-image\">\n<figure class=\"alignright size-full is-resized\"><img loading=\"lazy\" decoding=\"async\" src=\"https:\/\/kine-osteo-bischwiller.fr\/wp-content\/uploads\/2023\/10\/WhatsApp-Image-2023-10-09-a-12.58.47_ae471800.jpg\" alt=\"\" class=\"wp-image-219\" style=\"width:386px;height:514px\" width=\"386\" height=\"514\" srcset=\"https:\/\/kine-osteo-bischwiller.fr\/wp-content\/uploads\/2023\/10\/WhatsApp-Image-2023-10-09-a-12.58.47_ae471800.jpg 768w, https:\/\/kine-osteo-bischwiller.fr\/wp-content\/uploads\/2023\/10\/WhatsApp-Image-2023-10-09-a-12.58.47_ae471800-225x300.jpg 225w\" sizes=\"auto, (max-width: 386px) 100vw, 386px\" \/><\/figure>\n<\/div>\n\n\n<p>Les ateliers d&rsquo;initiation au portage physiologique s&rsquo;adressent aux futurs parents ou jeunes parents qui souhaitent en apprendre un peu plus sur les diff\u00e9rents moyens de portage.<\/p>\n\n\n\n<p><br>Lors de l&rsquo;atelier vous aurez la possibilit\u00e9 de tester diff\u00e9rents moyens, en fonction de vos envies et de vos besoins.<\/p>\n\n\n\n<p><br>Nous aborderons ensemble diff\u00e9rents points tels que les diff\u00e9rents n\u0153uds possible, les types de portage, la s\u00e9curit\u00e9, le confort pour b\u00e9b\u00e9 et pour le porteur,\u2026<br>Les ateliers peuvent \u00eatre r\u00e9alis\u00e9s avant la naissance ou apr\u00e8s avec b\u00e9b\u00e9.<\/p>\n\n\n\n<p><\/p>\n\n\n\n<p>Atelier individuel d&rsquo;1h<br>Pour plus d&rsquo;informations contacter Pauline au 03.69.13.55.19<\/p>\n","protected":false},"excerpt":{"rendered":"<p>Les ateliers d&rsquo;initiation au portage physiologique s&rsquo;adressent aux futurs parents ou jeunes parents qui souhaitent en apprendre un peu plus sur les diff\u00e9rents moyens de portage. Lors de l&rsquo;atelier vous aurez la possibilit\u00e9 de tester diff\u00e9rents moyens, en fonction de vos envies et de vos besoins. Nous aborderons ensemble diff\u00e9rents points tels que les diff\u00e9rents [&hellip;]<\/p>\n","protected":false},"author":1,"featured_media":0,"parent":215,"menu_order":0,"comment_status":"closed","ping_status":"closed","template":"","meta":{"footnotes":""},"class_list":["post-217","page","type-page","status-publish","hentry"],"_links":{"self":[{"href":"https:\/\/kine-osteo-bischwiller.fr\/index.php?rest_route=\/wp\/v2\/pages\/217","targetHints":{"allow":["GET"]}}],"collection":[{"href":"https:\/\/kine-osteo-bischwiller.fr\/index.php?rest_route=\/wp\/v2\/pages"}],"about":[{"href":"https:\/\/kine-osteo-bischwiller.fr\/index.php?rest_route=\/wp\/v2\/types\/page"}],"author":[{"embeddable":true,"href":"https:\/\/kine-osteo-bischwiller.fr\/index.php?rest_route=\/wp\/v2\/users\/1"}],"replies":[{"embeddable":true,"href":"https:\/\/kine-osteo-bischwiller.fr\/index.php?rest_route=%2Fwp%2Fv2%2Fcomments&post=217"}],"version-history":[{"count":3,"href":"https:\/\/kine-osteo-bischwiller.fr\/index.php?rest_route=\/wp\/v2\/pages\/217\/revisions"}],"predecessor-version":[{"id":240,"href":"https:\/\/kine-osteo-bischwiller.fr\/index.php?rest_route=\/wp\/v2\/pages\/217\/revisions\/240"}],"up":[{"embeddable":true,"href":"https:\/\/kine-osteo-bischwiller.fr\/index.php?rest_route=\/wp\/v2\/pages\/215"}],"wp:attachment":[{"href":"https:\/\/kine-osteo-bischwiller.fr\/index.php?rest_route=%2Fwp%2Fv2%2Fmedia&parent=217"}],"curies":[{"name":"wp","href":"https:\/\/api.w.org\/{rel}","templated":true}]}}